 factors of f(7).
2, 5, 7
Let g(c) be the first derivative of c**4/4 + 6*c**3 + 7*c**2 + 20*c - 35. List the prime factors of g(-11).
23, 31
Let d(w) = 32*w**2 + 8*w - 61. Let j be d(-10). Suppose -r - j = -4*q + 1064, 5*q - 5185 = -5*r. List the prime factors of q.
2, 3, 43
Let p(m) = 41461*m**2 + 189*m - 3. List the prime factors of p(1).
41647
Let k(n) = 3*n**2 + 3*n + 128. Let o(j) = -15*j**2 - 17*j - 639. Let h(x) = 11*k(x) + 2*o(x). List the prime factors of h(17).
2, 5, 7
Let y = -190 - -548. Suppose -2*q + 6*q + 1444 = 4*v, v + 2*q = y. What are the prime factors of v?
2, 3, 5
Suppose -1890 = 193*t - 183*t. Let g = 1390 + t. What are the prime factors of g?
1201
Let l(p) = 5*p - 11. Let g be l(3). Let n(u) = 3*u**3 - 6*u**2 + 5*u + 2. Let j be n(g). Suppose -4*b + j = 22. List the prime factors of b.
2, 3
Suppose -110 + 0 = -11*n. Let j be ((-8)/n)/(4/(-40)). List the prime factors of (-3*j/(-18))/(8/216).
2, 3
Let s = -408 - -306. Let i = 371 - s. List the prime factors of i.
11, 43
Let v(o) = -287*o + 22. Let z be v(-5). Suppose b - a = 289, -5*b - 4*a + 6*a + z = 0. What are the prime factors of b?
293
Suppose 5*u + 20 = 0, 60713 = 3*c + 58*u - 60*u. What are the prime factors of c?
3, 5, 19, 71
Let m(w) be the second derivative of 4*w + 0 - 8/3*w**3 - 63/2*w**2. List the prime factors of m(-14).
7, 23
Suppose 0 = 14*j - 75041 - 17849. What are the prime factors of j?
5, 1327
Let z(w) = -w + 7. Let y be z(7). Suppose d - 2*a - 877 = y, 3*d - 1267 = -2*a + 1356. What are the prime factors of d?
5, 7
Let y = 8 + -5. Suppose -y*q - 3033 = -0*f - 4*f, 3*f - 2*q = 2274. Suppose 2*u = -5*u + f. What are the prime factors of u?
2, 3
Let v be ((-4)/(-6))/(-2 - (-35)/15). Suppose -2*x + 2122 = 2*p, 2*p - v*x - 2102 = -0*p. What are the prime factors of p?
2, 3, 11
Suppose h = -10 + 14. Let o be 1/((-36)/(-9080)) - h/18. Suppose 0 = -l + 4*l - o. List the prime factors of l.
2, 3, 7
Let y(s) = -50*s + 7. Let n be y(-5). Let b = -145 + n. Suppose 12*z = -2*z + b. What are the prime factors of z?
2
What are the prime factors of (-8*(-8)/(-160))/((-2)/70765) - -6?
14159
Let u = -8684 - -27469. What are the prime factors of u?
5, 13, 17
Suppose -15*w + 11*w + 312 = 0. Suppose -5*i = 0, -i - 300 = -j - w. What are the prime factors of j?
2, 3, 37
Let i be ((-20)/8)/((-14)/28). Suppose 2*p - 5020 = -3*m, -4*m + i*p + 3689 + 2966 = 0. What are the prime factors of m?
2, 5, 167
Let x = -182 + 160. List the prime factors of (20/5 - 67)/(3/x).
2, 3, 7, 11
Let n(d) = -1 + d - 5*d + 4. Let b(u) = u**3 + 10*u**2 + u + 3. Let c be b(-10). List the prime factors of n(c).
31
Let v = -2391 - -3407. Let r = 29 - 27. Suppose 6*a - v = -r*a. What are the prime factors of a?
127
Let a be (1336/(-6) + 0)/((-19)/57). Suppose -a = -3*q + 4*x + 608, 5*x = 5*q - 2125. What are the prime factors of q?
2, 53
Let x be (-4)/14 - (-5 - (-7048)/28). Let q = -90 - x. Let g = 226 - q. List the prime factors of g.
3, 23
Let v(f) be the first derivative of 5*f**3/3 - 9*f**2/2 - 5*f - 1. Let k be 336/60 - (-15)/(-25). List the prime factors of v(k).
3, 5
Let c be (-1*3)/(44 + -45). Let d(h) = 15*h**3 - 4*h**2 - h + 1. List the prime factors of d(c).
367
Let a = 106 + -186. Let b = a - -320. What are the prime factors of b?
2, 3, 5
Suppose -1885495 + 318579 = -52*w. List the prime factors of w.
30133
Suppose -5 = n + 2*a - 2, 4*n + 3 = -5*a. Let i = n + 23. Let o(l) = -l**3 + 25*l**2 + 34*l + 20. List the prime factors of o(i).
2, 3, 19
Let x be (-93)/(-4) + (-5)/20. Suppose 27*v + 436 = x*v. Let o = v + 180. What are the prime factors of o?
71
Let r(z) = -2*z**2 + 24*z + 8. Let l be r(13). List the prime factors of 1/(-3) + (-1356)/l + -2.
73
Let o(c) = 679*c - 3036. What are the prime factors of o(41)?
17, 1459
Let b = 467 - -1098. Let g = -993 + b. What are the prime factors of g?
2, 11, 13
Let r = -8718 - -24845. List the prime factors of r.
16127
Suppose 241*f - 237*f - 2396 = 0. Suppose -2*n - f = -2159. What are the prime factors of n?
2, 3, 5, 13
List the prime factors of (-70*61)/(-2)*(38 - (11 - -25)).
2, 5, 7, 61
Suppose 0 = 4*m + 2 + 6. Let p = 89 - m. What are the prime factors of p?
7, 13
Let m(r) = 3*r**2 + 2*r + 19. Let l(q) = -2*q**2 - 9*q + 15. Let z be l(-6). What are the prime factors of m(z)?
2, 5
What are the prime factors of 36*(4 - 3/(81/(-8001)))?
2, 3, 17, 53
What are the prime factors of ((-7170)/(-120))/(5/820)?
41, 239
Let b(l) = -3*l + 38. Let n be b(12). Suppose -z = 3*j + 2*j - 33, n*j - 2 = 0. Suppose i = -4*p + 65 + 89, 0 = p - 5*i - z. List the prime factors of p.
2, 19
Let f(a) = a**3 + 46*a**2 - 110*a + 735. What are the prime factors of f(-41)?
2, 3, 5, 7, 13
Let x(f) = 4149*f**3 - 3*f**2 + 66*f - 124. What are the prime factors of x(2)?
2, 8297
Suppose 4*p - 18 = -5*h, 26 = 5*p + 3*h + 10. Suppose -p*c + 225 = -x, -2*c = 3*c + 10. Let z = -120 - x. What are the prime factors of z?
109
Suppose -k = -5*v - 349, 7*k + 4*v - 376 = 6*k. List the prime factors of 104/k - (-586)/7.
2, 3, 7
Suppose 0 = 4*u + 5*l - 29133, 5*u - 36411 = -129*l + 128*l. List the prime factors of u.
2, 11, 331
Let j(d) be the first derivative of 7*d**3/3 + 2*d**2 + 8*d - 61. What are the prime factors of j(-7)?
17, 19
Let k(q) = 5*q**2 - 2*q - 31. Let s be k(-7). Suppose -2*o + s = -644. What are the prime factors of o?
2, 109
Suppose 21*b - 6*b = -26*b + 878630. List the prime factors of b.
2, 5, 2143
Let p = 6680 - -142. What are the prime factors of p?
2, 3, 379
Let m = -10421 - -27915. List the prime factors of m.
2, 8747
Suppose -9385 = -4*h - h. Suppose 0 = 4*i + 2*x - 416 - 1086, h = 5*i + 3*x. List the prime factors of i.
2, 47
Let v(w) = 19*w**2. Let g be v(-5). Let f be (6 - (30 - 16))*(-162)/(-4). Let b = f + g. What are the prime factors of b?
151
Let v be 638/(-6) + (-136)/(-102). Suppose 484 = 3*l - 161. Let a = l + v. What are the prime factors of a?
2, 5, 11
Suppose 25*v - 2914 - 61 = 0. Let n = 291 - v. What are the prime factors of n?
2, 43
Let q(a) = -2228*a + 4895. List the prime factors of q(-4).
13807
Suppose -101668 = -43*n + 39*n + 4*u, -4*u = -3*n + 76245. List the prime factors of n.
25423
Suppose 0 = s + 122 - 135. Suppose s*g - 8*g - 835 = 0. List the prime factors of g.
167
Suppose -10*v = -5*m - 8*v + 148196, 3*v = -5*m + 148206. What are the prime factors of m?
2, 3, 5, 13, 19
Let h = 189 + -201. Let a = h + 118. What are the prime factors of a?
2, 53
Suppose -49*j + 21*j = -252. Suppose -j*z - 713 + 2675 = 0. List the prime factors of z.
2, 109
List the prime factors of 27*26/(-39)*-3428.
2, 3, 857
Suppose 69*s - 157*s = -110*s + 63470. What are the prime factors of s?
5, 577
Let o be (-11 + 9)/((-1)/3). Suppose 2*q - 6 = o. Suppose 5*f + 1 - q = 0, -82 = -u + 3*f. What are the prime factors of u?
5, 17
Let n be (-368)/(-80) + (-3)/5. Suppose -n*v + 335 = -0*v + 5*z, 0 = 5*v - 5*z - 475. List the prime factors of v.
2, 3, 5
Let k be (13/(-52))/(1/(-20)). Let m(w) = -w + 15. Let r be m(13). Suppose r*l = k*l - 201. What are the prime factors of l?
67
Let s be 38/(-171) - 515/(-9). Suppose -z + s = 50. Suppose -3*c - 908 = -z*c. What are the prime factors of c?
227
Suppose -3*s = 6, -8*h = -6*h + 5*s - 902. Let i = -167 + h. List the prime factors of i.
17
Suppose -3*x + 15 = -2*s, 0 = 3*x + s - 14 - 10. Suppose 4*f + 12 = x*f. Suppose 131 = 3*i - f*d - d, -5*d = -5*i + 235. List the prime factors of i.
2, 13
Let v(h) be the third derivative of h**7/140 - h**5/30 + h**4/6 + 5*h**2. Let c(g) be the second derivative of v(g). List the prime factors of c(-2).
2, 17
Suppose -5*o + 2*o + 5*g = -22, 4*o - 5*g = 31. Let f(u) = 17 - 10*u - o*u**2 + 8*u + u**3 + 3 + 4. What are the prime factors of f(10)?
2, 13
Let a = 106 - 157. Let o be (-2994)/17 + (-6)/a. List the prime factors of (2 + -4 - o) + -1.
173
Let y be (-12)/(-16)*4*(-3)/3. Let z(a) = -a**3 - 4*a**2 + 7. Let k be z(y). List the prime factors of (-15 - (k - -3))*-4.
2
Suppose -n = 1, 0 = t - 3*n - 1267 - 874. Let x = t + -1022. What are the prime factors of x?
2, 3, 31
Let n(i) = i**2 - 24*i + 15. Let o be n(24). Suppose -o*k = -1971 - 4449. Suppose 11*z = 13*z - k. What are the prime factors of z?
2, 107
Let v be 1/(((-12)/10)/6) - -1. Let y(r) = -18*r**2 - 2*r + 10. Let z be y(v)